{"id":82,"date":"2024-10-05T08:14:22","date_gmt":"2024-10-05T08:14:22","guid":{"rendered":"https:\/\/www.psychotherapie-sleiss.at\/?page_id=82"},"modified":"2026-01-04T19:28:10","modified_gmt":"2026-01-04T19:28:10","slug":"datenschutzerklaerung","status":"publish","type":"page","link":"https:\/\/www.psychotherapie-sleiss.at\/?page_id=82","title":{"rendered":"Datenschutzerkl\u00e4rung"},"content":{"rendered":"\n<p>Der Schutz Ihrer pers\u00f6nlichen Daten ist mir ein besonderes Anliegen. Ich verarbeite Ihre Daten daher ausschlie\u00dflich auf Grundlage der gesetzlichen Bestimmungen (DSGVO, TKG 2003). In diesen Datenschutzinformationen informieren ich Sie \u00fcber die wichtigsten Aspekte der Datenverarbeitung im Rahmen meiner Website.<\/p>\n\n\n\n<h3 class=\"wp-block-heading\">Kontaktaufnahme<\/h3>\n\n\n\n<p>Wenn Sie telefonisch, per E-Mail oder Formular auf der Website Kontakt mit mir aufnehmen, werden Ihre angegebenen Daten zwecks Bearbeitung der Anfrage und f\u00fcr den Fall von Anschlussfragen sechs Monate bei mir gespeichert. Diese Daten werden von mir nicht an Dritte weiter gegeben.<\/p>\n\n\n\n<h3 class=\"wp-block-heading\">Cookies<\/h3>\n\n\n\n<p>\u200bAuf meiner Website werden Cookies gesetzt, die der sicheren und nutzerfreundlichen Verwendung meiner Homepage dienen.<\/p>\n\n\n\n<p>Cookies sind kleine Textdateien, die&nbsp; auf Ihrem Endger\u00e4t platziert werden. Sie dienen dazu, die reibungslose Verwendung der Website sicher zu stellen und Ihnen eine problemlose Nutzung der Website zu erm\u00f6glichen. Sie richten keinen Schaden an. Einige Cookies werden nur w\u00e4hrend der Dauer des jeweiligen Besuchs abgelegt. Andere werden l\u00e4ngerfristig oder dauerhaft gespeichert, damit Ihr Browser bei der n\u00e4chsten Sitzung wiedererkannt wird. Wenn Sie dies nicht w\u00fcnschen, k\u00f6nnen Sie dies \u00fcber Ihre Browsereinstellungen \u00e4ndern. Dort k\u00f6nnen Sie Cookies verwalten, ablehnen und deaktivieren. Das L\u00f6schen von Cookies kann dazu f\u00fchren, dass die Website nur eingeschr\u00e4nkt genutzt werden kann. Die folgenden Links erkl\u00e4ren die Bearbeitung der Cookie-Einstellungen in verschiedenen Browsern:<\/p>\n\n\n\n<p><a href=\"http:\/\/support.mozilla.com\/en-US\/kb\/Enabling%20and%20disabling%20cookies\" target=\"_blank\" rel=\"noreferrer noopener\">Cookie-Einstellungen in Firefox<\/a>,&nbsp;<a href=\"https:\/\/support.microsoft.com\/en-us\/help\/17442\/windows-internet-explorer-delete-manage-cookies\" target=\"_blank\" rel=\"noreferrer noopener\">Cookie-Einstellungen in Internet Explorer<\/a>,&nbsp;<a href=\"http:\/\/www.google.com\/support\/chrome\/bin\/answer.py?answer=95647\" target=\"_blank\" rel=\"noreferrer noopener\">Cookie-Einstellungen in Google Chrome<\/a>,&nbsp;<a href=\"http:\/\/support.apple.com\/kb\/PH17191?viewlocale=en_US&amp;locale=en_US\" target=\"_blank\" rel=\"noreferrer noopener\">Cookie-Einstellungen in Safari (OS X)<\/a>,&nbsp;<a href=\"https:\/\/support.apple.com\/en-us\/HT201265\" target=\"_blank\" rel=\"noreferrer noopener\">Cookie-Einstellungen in Safari (iOS)<\/a>,&nbsp;<a href=\"https:\/\/support.google.com\/chrome\/answer\/95647?co=GENIE.Platform%3DAndroid&amp;hl=en&amp;oco=0\" target=\"_blank\" rel=\"noreferrer noopener\">Cookie-Einstellungen in Android<\/a>.<\/p>\n\n\n\n<h3 class=\"wp-block-heading\">Datenverarbeitung durch Auftragsverarbeiter*innen<\/h3>\n\n\n\n<p>Die Verarbeitung Ihrer personenbezogenen Daten kann durch meine Auftragsverarbeiter*innen erfolgen. Dies sind insbesondere IT-Dienstleister*innen, Anbieter*innen von Softwarel\u00f6sungen und \u00e4hnliche Anbieter*innen. Diese Verarbeitung erfolgt nur auf Basis meiner Weisung, wozu meine Auftragsverarbeiter*innen vertraglich verpflichtet sind.<\/p>\n\n\n\n<h3 class=\"wp-block-heading\">Datensicherheit<\/h3>\n\n\n\n<p>Ihre personenbezogenen Daten werden durch entsprechende technische und organisatorische Ma\u00dfnahmen gesch\u00fctzt. Diese Ma\u00dfnahmen betreffen insbesondere den Schutz vor unerlaubten, rechtswidrigen oder auch zuf\u00e4lligen Zugriffen, Verarbeitungen, Verlusten, Verwendungen und Manipulationen.<\/p>\n\n\n\n<h3 class=\"wp-block-heading\">Ihre Rechte<\/h3>\n\n\n\n<p>Bez\u00fcglich Ihrer bei mir gespeicherten Daten stehen Ihnen die Rechte auf Auskunft, Berichtigung, L\u00f6schung, Einschr\u00e4nkung, \u00dcbertragbarkeit, Widerruf und Widerspruch zu. Sie k\u00f6nnen mit mir diesbez\u00fcglich Kontakt aufnehmen. Wenn Sie denken, dass die Verarbeitung Ihrer Daten gegen das Datenschutzrecht verst\u00f6\u00dft oder Ihre datenschutzrechtlichen Anspr\u00fcche sonst in einer Weise verletzt wurden, k\u00f6nnen Sie sich bei mir&nbsp; oder der Datenschutzbeh\u00f6rde beschweren.<\/p>\n\n\n\n<p>Sie erreichen mich unter folgenden Kontaktdaten: Psychotherapeutische Praxis Martina Sleiss, Gaern\u00e4ckerstra\u00dfe 17, 2483 Ebreichsdorf, +43 676 487 9075, martina@psychotherapie-sleiss.at, www.psychotherapie-sleiss.at<\/p>\n\n\n\n<h3 class=\"wp-block-heading\">Google Maps<\/h3>\n\n\n\n<p>Meine Website verwendet Funktionen des Webkartendienstes \u201eGoogle Maps\u201c. Der Dienstanbieter dieser Funktion ist:\u200b<\/p>\n\n\n\n<p>Google Ireland Limited Gordon House, Barrow Street Dublin 4. Ireland. Tel: +353 1 543 1000<\/p>\n\n\n\n<p>Im Zuge der Nutzung von Google Maps ist es notwendig Ihre IP-Adresse zu speichern und zu verarbeiten. Google \u00fcbertr\u00e4gt in der Regel an einen Server in den USA und speichert die Daten dort. Die Verarbeitung geschieht durch den Diensteanbieter (oben genannt), der Betreiber dieser Homepage hat keinen Einfluss auf die \u00dcbertragung der Daten.<\/p>\n\n\n\n<p>\u200bDie Datenverarbeitung erfolgt auf Basis der gesetzlichen Bestimmungen des \u00a7 96 Abs 3 TKG sowie des Art 6 Abs 1 lit f (berechtigtes Interesse) der DSGVO. Die Nutzung von Google Maps erh\u00f6ht die Auffindbarkeit der Orte, welche auf unserer Webseite bereitgestellt werden.<\/p>\n\n\n\n<p>\u200bWeitere Informationen \u00fcber den Umgang mit Nutzerdaten des Diensteanbieters \u201eGoogle\u201c k\u00f6nnen Sie der Datenschutzerkl\u00e4rung entnehmen:<\/p>\n\n\n\n<p>\u200b<a href=\"https:\/\/policies.google.com\/privacy?hl=de.\">https:\/\/policies.google.com\/privacy?hl=de.<\/a>\u200b<\/p>\n\n\n\n<p>Google verarbeitet die Daten auch in den USA, hat sich jedoch dem EU-US Privacy-Shield unterworfen.\u200b<\/p>\n\n\n\n<p><a href=\"https:\/\/www.privacyshield.gov\/EU-US-Framework\">https:\/\/www.privacyshield.gov\/EU-US-Framework<\/a><\/p>\n\n\n\n<p><strong>\u200b<\/strong><\/p>\n","protected":false},"excerpt":{"rendered":"<p>Der Schutz Ihrer pers\u00f6nlichen Daten ist mir ein besonderes Anliegen. Ich verarbeite Ihre Daten daher ausschlie\u00dflich auf Grundlage der gesetzlichen Bestimmungen (DSGVO, TKG 2003). In diesen Datenschutzinformationen informieren ich Sie \u00fcber die wichtigsten Aspekte der Datenverarbeitung im Rahmen meiner Website. Kontaktaufnahme Wenn Sie telefonisch, per E-Mail oder Formular auf der Website Kontakt mit mir aufnehmen, <a class=\"read-more\" href=\"https:\/\/www.psychotherapie-sleiss.at\/?page_id=82\">READ MORE<\/a><\/p>\n","protected":false},"author":2,"featured_media":0,"parent":0,"menu_order":0,"comment_status":"closed","ping_status":"closed","template":"","meta":{"footnotes":""},"class_list":["post-82","page","type-page","status-publish","hentry"],"_links":{"self":[{"href":"https:\/\/www.psychotherapie-sleiss.at\/index.php?rest_route=\/wp\/v2\/pages\/82","targetHints":{"allow":["GET"]}}],"collection":[{"href":"https:\/\/www.psychotherapie-sleiss.at\/index.php?rest_route=\/wp\/v2\/pages"}],"about":[{"href":"https:\/\/www.psychotherapie-sleiss.at\/index.php?rest_route=\/wp\/v2\/types\/page"}],"author":[{"embeddable":true,"href":"https:\/\/www.psychotherapie-sleiss.at\/index.php?rest_route=\/wp\/v2\/users\/2"}],"replies":[{"embeddable":true,"href":"https:\/\/www.psychotherapie-sleiss.at\/index.php?rest_route=%2Fwp%2Fv2%2Fcomments&post=82"}],"version-history":[{"count":11,"href":"https:\/\/www.psychotherapie-sleiss.at\/index.php?rest_route=\/wp\/v2\/pages\/82\/revisions"}],"predecessor-version":[{"id":192,"href":"https:\/\/www.psychotherapie-sleiss.at\/index.php?rest_route=\/wp\/v2\/pages\/82\/revisions\/192"}],"wp:attachment":[{"href":"https:\/\/www.psychotherapie-sleiss.at\/index.php?rest_route=%2Fwp%2Fv2%2Fmedia&parent=82"}],"curies":[{"name":"wp","href":"https:\/\/api.w.org\/{rel}","templated":true}]}}