{"id":2,"date":"2024-10-02T08:30:56","date_gmt":"2024-10-02T08:30:56","guid":{"rendered":"https:\/\/www.psychotherapie-sleiss.at\/?page_id=2"},"modified":"2026-01-04T19:23:03","modified_gmt":"2026-01-04T19:23:03","slug":"sample-page","status":"publish","type":"page","link":"https:\/\/www.psychotherapie-sleiss.at\/","title":{"rendered":"Herzlich Willkommen!"},"content":{"rendered":"\n<p>Herzlich Willkommen auf meiner Website!<\/p>\n\n\n\n<p>Ich bin, gem\u00e4\u00df dem humanistischen Menschenbild, der festen \u00dcberzeugung, dass jeder Mensch bereits alles in sich tr\u00e4gt, um sich weiterzuentwickeln und mit schwierigen, belastenden Lebenssituationen zurecht zu kommen. Manchmal stehen uns die daf\u00fcr n\u00f6tigen Ressourcen und F\u00e4higkeiten jedoch nicht (ausreichend) zur Verf\u00fcgung oder wir glauben gar nicht daran, dass wir dieses Potential in uns tragen.<\/p>\n\n\n\n<p>Eine Psychotherapie kann, als anerkanntes wissenschaftliches Heilverfahren, helfen psychische Erkrankungen zu heilen oder zu lindern. Dar\u00fcber hinaus kann Psychotherapie in Krisensituationen und bei psychosozialen Belastungen unterst\u00fctzen.<\/p>\n\n\n\n<p>In einem sicheren Rahmen begleite ich Sie gerne auf dem Weg, Ihr vorhandenes Entwicklungspotenzial (wieder) zu entdecken. Meine Haltung ist dabei von einer besonderen Wertsch\u00e4tzung und einem hohen Ma\u00df an Einf\u00fchlungsverm\u00f6gen gepr\u00e4gt. Wichtig dabei ist, dass Sie sich innerlich bereit f\u00fchlen, sich mit ihren Gef\u00fchlen und Gedanken sowie ihrem Erleben und Verhalten auseinanderzusetzen.<\/p>\n\n\n\n<p>Durch meine langj\u00e4hrige berufliche Erfahrung als Kindergartenp\u00e4dagogin und meine laufende T\u00e4tigkeit als mobile Familienbegleiterin liegt mein Schwerpunkt in der Arbeit mit Kindern, Jugendlichen, Eltern und Familien. <\/p>\n\n\n\n<p>Im Sinne der integrativen Gestalttherapie ist mir die dialogische Grundhaltung besonders wichtig sowie Offenheit und Authentizit\u00e4t im Kontakt mit Ihnen.<\/p>\n\n\n\n<p><\/p>\n\n\n\n<figure class=\"wp-block-image aligncenter size-large is-resized\"><img loading=\"lazy\" decoding=\"async\" width=\"685\" height=\"1024\" src=\"https:\/\/www.psychotherapie-sleiss.at\/wp-content\/uploads\/2025\/01\/Psychotherapeutin_Martina_Sleiss-685x1024.jpg\" alt=\"\" class=\"wp-image-149\" style=\"width:262px;height:auto\" srcset=\"https:\/\/www.psychotherapie-sleiss.at\/wp-content\/uploads\/2025\/01\/Psychotherapeutin_Martina_Sleiss-685x1024.jpg 685w, https:\/\/www.psychotherapie-sleiss.at\/wp-content\/uploads\/2025\/01\/Psychotherapeutin_Martina_Sleiss-201x300.jpg 201w, https:\/\/www.psychotherapie-sleiss.at\/wp-content\/uploads\/2025\/01\/Psychotherapeutin_Martina_Sleiss-768x1148.jpg 768w, https:\/\/www.psychotherapie-sleiss.at\/wp-content\/uploads\/2025\/01\/Psychotherapeutin_Martina_Sleiss-1028x1536.jpg 1028w, https:\/\/www.psychotherapie-sleiss.at\/wp-content\/uploads\/2025\/01\/Psychotherapeutin_Martina_Sleiss-1370x2048.jpg 1370w, https:\/\/www.psychotherapie-sleiss.at\/wp-content\/uploads\/2025\/01\/Psychotherapeutin_Martina_Sleiss-scaled.jpg 1713w\" sizes=\"auto, (max-width: 685px) 100vw, 685px\" \/><\/figure>\n","protected":false},"excerpt":{"rendered":"<p>Herzlich Willkommen auf meiner Website! Ich bin, gem\u00e4\u00df dem humanistischen Menschenbild, der festen \u00dcberzeugung, dass jeder Mensch bereits alles in sich tr\u00e4gt, um sich weiterzuentwickeln und mit schwierigen, belastenden Lebenssituationen zurecht zu kommen. Manchmal stehen uns die daf\u00fcr n\u00f6tigen Ressourcen und F\u00e4higkeiten jedoch nicht (ausreichend) zur Verf\u00fcgung oder wir glauben gar nicht daran, dass wir <a class=\"read-more\" href=\"https:\/\/www.psychotherapie-sleiss.at\/\">READ MORE<\/a><\/p>\n","protected":false},"author":1,"featured_media":0,"parent":0,"menu_order":0,"comment_status":"closed","ping_status":"open","template":"","meta":{"footnotes":""},"class_list":["post-2","page","type-page","status-publish","hentry"],"_links":{"self":[{"href":"https:\/\/www.psychotherapie-sleiss.at\/index.php?rest_route=\/wp\/v2\/pages\/2","targetHints":{"allow":["GET"]}}],"collection":[{"href":"https:\/\/www.psychotherapie-sleiss.at\/index.php?rest_route=\/wp\/v2\/pages"}],"about":[{"href":"https:\/\/www.psychotherapie-sleiss.at\/index.php?rest_route=\/wp\/v2\/types\/page"}],"author":[{"embeddable":true,"href":"https:\/\/www.psychotherapie-sleiss.at\/index.php?rest_route=\/wp\/v2\/users\/1"}],"replies":[{"embeddable":true,"href":"https:\/\/www.psychotherapie-sleiss.at\/index.php?rest_route=%2Fwp%2Fv2%2Fcomments&post=2"}],"version-history":[{"count":16,"href":"https:\/\/www.psychotherapie-sleiss.at\/index.php?rest_route=\/wp\/v2\/pages\/2\/revisions"}],"predecessor-version":[{"id":187,"href":"https:\/\/www.psychotherapie-sleiss.at\/index.php?rest_route=\/wp\/v2\/pages\/2\/revisions\/187"}],"wp:attachment":[{"href":"https:\/\/www.psychotherapie-sleiss.at\/index.php?rest_route=%2Fwp%2Fv2%2Fmedia&parent=2"}],"curies":[{"name":"wp","href":"https:\/\/api.w.org\/{rel}","templated":true}]}}

<p>Herzlich Willkommen auf meiner Website!</p>



<p>Ich bin, gemäß dem humanistischen Menschenbild, der festen Überzeugung, dass jeder Mensch bereits alles in sich trägt, um sich weiterzuentwickeln und mit schwierigen, belastenden Lebenssituationen zurecht zu kommen. Manchmal stehen uns die dafür nötigen Ressourcen und Fähigkeiten jedoch nicht (ausreichend) zur Verfügung oder wir glauben gar nicht daran, dass wir dieses Potential in uns tragen.</p>



<p>Eine Psychotherapie kann, als anerkanntes wissenschaftliches Heilverfahren, helfen psychische Erkrankungen zu heilen oder zu lindern. Darüber hinaus kann Psychotherapie in Krisensituationen und bei psychosozialen Belastungen unterstützen.</p>



<p>In einem sicheren Rahmen begleite ich Sie gerne auf dem Weg, Ihr vorhandenes Entwicklungspotenzial (wieder) zu entdecken. Meine Haltung ist dabei von einer besonderen Wertschätzung und einem hohen Maß an Einfühlungsvermögen geprägt. Wichtig dabei ist, dass Sie sich innerlich bereit fühlen, sich mit ihren Gefühlen und Gedanken sowie ihrem Erleben und Verhalten auseinanderzusetzen.</p>



<p>Durch meine langjährige berufliche Erfahrung als Kindergartenpädagogin und meine laufende Tätigkeit als mobile Familienbegleiterin liegt mein Schwerpunkt in der Arbeit mit Kindern, Jugendlichen, Eltern und Familien. </p>



<p>Im Sinne der integrativen Gestalttherapie ist mir die dialogische Grundhaltung besonders wichtig sowie Offenheit und Authentizität im Kontakt mit Ihnen.</p>



<p></p>



<figure class="wp-block-image aligncenter size-large is-resized"><img loading="lazy" decoding="async" width="685" height="1024" src="https://www.psychotherapie-sleiss.at/wp-content/uploads/2025/01/Psychotherapeutin_Martina_Sleiss-685x1024.jpg" alt="" class="wp-image-149" style="width:262px;height:auto" srcset="https://www.psychotherapie-sleiss.at/wp-content/uploads/2025/01/Psychotherapeutin_Martina_Sleiss-685x1024.jpg 685w, https://www.psychotherapie-sleiss.at/wp-content/uploads/2025/01/Psychotherapeutin_Martina_Sleiss-201x300.jpg 201w, https://www.psychotherapie-sleiss.at/wp-content/uploads/2025/01/Psychotherapeutin_Martina_Sleiss-768x1148.jpg 768w, https://www.psychotherapie-sleiss.at/wp-content/uploads/2025/01/Psychotherapeutin_Martina_Sleiss-1028x1536.jpg 1028w, https://www.psychotherapie-sleiss.at/wp-content/uploads/2025/01/Psychotherapeutin_Martina_Sleiss-1370x2048.jpg 1370w, https://www.psychotherapie-sleiss.at/wp-content/uploads/2025/01/Psychotherapeutin_Martina_Sleiss-scaled.jpg 1713w" sizes="auto, (max-width: 685px) 100vw, 685px" /></figure>

<p>Herzlich Willkommen auf meiner Website! Ich bin, gemäß dem humanistischen Menschenbild, der festen Überzeugung, dass jeder Mensch bereits alles in sich trägt, um sich weiterzuentwickeln und mit schwierigen, belastenden Lebenssituationen zurecht zu kommen. Manchmal stehen uns die dafür nötigen Ressourcen und Fähigkeiten jedoch nicht (ausreichend) zur Verfügung oder wir glauben gar nicht daran, dass wir <a class="read-more" href="https://www.psychotherapie-sleiss.at/">READ MORE</a></p>
