{"id":183,"date":"2026-01-04T19:57:59","date_gmt":"2026-01-04T19:57:59","guid":{"rendered":"https:\/\/www.psychotherapie-sleiss.at\/?page_id=183"},"modified":"2026-01-04T19:57:59","modified_gmt":"2026-01-04T19:57:59","slug":"kinderbeistand","status":"publish","type":"page","link":"https:\/\/www.psychotherapie-sleiss.at\/?page_id=183","title":{"rendered":"Kinderbeistand"},"content":{"rendered":"\n<p>Kinderbeistand nach \u00a7 104 Au\u00dferstreitgesetz<\/p>\n\n\n\n<p>Was ist ein Kinderbeistand?<\/p>\n\n\n\n<p>Ein Kinderbeistand ist eine qualifizierte und unabh\u00e4ngige Vertrauensperson f\u00fcr Kinder und Jugendliche in Obsorge- und Kontaktrechtsverfahren. Die Bestellung eines Kinderbeistandes erfolgt ausschlie\u00dflich \u00fcber das zust\u00e4ndige Gericht. Ein Kinderbeistand handelt ausschlie\u00dflich im Interesse des Kindes\/Jugendlichen und unterliegt einer strengen Verschwiegenheitspflicht.<\/p>\n\n\n\n<p>Aufgaben eines Kinderbeistandes:<\/p>\n\n\n\n<ul class=\"wp-block-list\">\n<li>Aufbau eines Vertrauensverh\u00e4ltnisses mit Ihrem Kind<\/li>\n\n\n\n<li>Bieten eines gesch\u00fctzten Rahmens f\u00fcr Gespr\u00e4che<\/li>\n\n\n\n<li>Vermittlung von altersentsprechenden Informationen \u00fcber das Verfahren<\/li>\n\n\n\n<li>Den Interessen und W\u00fcnschen des Kindes\/Jugendlichen vor Gericht Geh\u00f6r zu verschaffen<\/li>\n<\/ul>\n\n\n\n<p><\/p>\n\n\n\n<p>Kosten:<\/p>\n\n\n\n<p>Die Bestellung des Kinderbeistandes ist f\u00fcr die ersten 6 Monate geb\u00fchrenfrei. <\/p>\n\n\n\n<p>Danach tragen die Eltern die Kosten. Die Verrechnung erfolgt \u00fcber das Gericht.<\/p>\n\n\n\n<p>Bei geringem Einkommen besteht die M\u00f6glichkeit einen Antrag auf Verfahrenshilfe zu stellen.<\/p>\n\n\n\n<p><\/p>\n\n\n\n<p>N\u00e4here Informationen unter: \/\/jba.gv.at\/kinderbeistand\/<\/p>\n\n\n\n<p>Folder f\u00fcr Eltern: <a href=\"https:\/\/jba.gv.at\/wp-content\/uploads\/2025\/09\/Wickelfalz_A5_Eltern_20250909_FINAL_Seiten.pdf\">https:\/\/jba.gv.at\/wp-content\/uploads\/2025\/09\/Wickelfalz_A5_Eltern_20250909_FINAL_Seiten.pdf<\/a><\/p>\n\n\n\n<p>Folder f\u00fcr Jugendliche: <a href=\"https:\/\/jba.gv.at\/wp-content\/uploads\/2022\/10\/Wickelfalz_A5_Jugendbeistand_20250909_FINAL_Seiten.pdf\">https:\/\/jba.gv.at\/wp-content\/uploads\/2022\/10\/Wickelfalz_A5_Jugendbeistand_20250909_FINAL_Seiten.pdf<\/a><\/p>\n\n\n\n<p>Folder f\u00fcr Kinder: <a href=\"https:\/\/jba.gv.at\/wp-content\/uploads\/2025\/09\/Wickelfalz_A5_Kinderbeistand_20250909_FINAL_Seiten.pdf\">https:\/\/jba.gv.at\/wp-content\/uploads\/2025\/09\/Wickelfalz_A5_Kinderbeistand_20250909_FINAL_Seiten.pdf<\/a><\/p>\n\n\n\n<p><\/p>\n","protected":false},"excerpt":{"rendered":"<p>Kinderbeistand nach \u00a7 104 Au\u00dferstreitgesetz Was ist ein Kinderbeistand? Ein Kinderbeistand ist eine qualifizierte und unabh\u00e4ngige Vertrauensperson f\u00fcr Kinder und Jugendliche in Obsorge- und Kontaktrechtsverfahren. Die Bestellung eines Kinderbeistandes erfolgt ausschlie\u00dflich \u00fcber das zust\u00e4ndige Gericht. Ein Kinderbeistand handelt ausschlie\u00dflich im Interesse des Kindes\/Jugendlichen und unterliegt einer strengen Verschwiegenheitspflicht. Aufgaben eines Kinderbeistandes: Kosten: Die Bestellung des <a class=\"read-more\" href=\"https:\/\/www.psychotherapie-sleiss.at\/?page_id=183\">READ MORE<\/a><\/p>\n","protected":false},"author":2,"featured_media":0,"parent":0,"menu_order":0,"comment_status":"closed","ping_status":"closed","template":"","meta":{"footnotes":""},"class_list":["post-183","page","type-page","status-publish","hentry"],"_links":{"self":[{"href":"https:\/\/www.psychotherapie-sleiss.at\/index.php?rest_route=\/wp\/v2\/pages\/183","targetHints":{"allow":["GET"]}}],"collection":[{"href":"https:\/\/www.psychotherapie-sleiss.at\/index.php?rest_route=\/wp\/v2\/pages"}],"about":[{"href":"https:\/\/www.psychotherapie-sleiss.at\/index.php?rest_route=\/wp\/v2\/types\/page"}],"author":[{"embeddable":true,"href":"https:\/\/www.psychotherapie-sleiss.at\/index.php?rest_route=\/wp\/v2\/users\/2"}],"replies":[{"embeddable":true,"href":"https:\/\/www.psychotherapie-sleiss.at\/index.php?rest_route=%2Fwp%2Fv2%2Fcomments&post=183"}],"version-history":[{"count":3,"href":"https:\/\/www.psychotherapie-sleiss.at\/index.php?rest_route=\/wp\/v2\/pages\/183\/revisions"}],"predecessor-version":[{"id":195,"href":"https:\/\/www.psychotherapie-sleiss.at\/index.php?rest_route=\/wp\/v2\/pages\/183\/revisions\/195"}],"wp:attachment":[{"href":"https:\/\/www.psychotherapie-sleiss.at\/index.php?rest_route=%2Fwp%2Fv2%2Fmedia&parent=183"}],"curies":[{"name":"wp","href":"https:\/\/api.w.org\/{rel}","templated":true}]}}